00202211 (base 3) to base 11
-a310
Convert -291 (base 15) to base 12.
-40a
What is 1144 (base 13) in base 15?
ab7
Convert 122102 (base 3) to base 13.
2a2
-3031 (base 4) to base 9
-247
Convert -10230 (base 5) to base 15.
-310
What is -1002001021 (base 3) in base 2?
-101001010110111
88662 (base 9) to base 4
32113232
360a9 (base 11) to base 2
1100101100111100
What is 100103301 (base 4) in base 2?
10000010011110001
What is -420030 (base 5) in base 8?
-32705
2412 (base 6) to base 11
491
What is 100322 (base 5) in base 11?
2460
What is -1516 (base 7) in base 3?
-211021
Convert -4027 (base 8) to base 10.
-2071
What is -132654 (base 7) in base 2?
-110000111000101
What is 131b0 (base 14) in base 3?
2101110200
Convert 12220 (base 7) to base 4.
301333
-707 (base 8) to base 11
-384
What is c4 (base 14) in base 2?
10101100
Convert 3652 (base 9) to base 14.
dc4
What is 384 (base 11) in base 16?
1c7
Convert 1a67 (base 16) to base 4.
1221213
13b34 (base 14) to base 6
1014054
Convert 101210201 (base 3) to base 13.
377b
What is -110100111100111 (base 2) in base 3?
-1101012010
-2460 (base 16) to base 2
-10010001100000
Convert -10121002 (base 3) to base 5.
-40441
673 (base 8) to base 11
373
-114172 (base 8) to base 5
-2222114
What is 346 (base 10) in base 3?
110211
What is -235c5 (base 14) in base 4?
-111003021
2101012120 (base 3) to base 12
23106
Convert -202122 (base 3) to base 4.
-20231
What is -657 (base 13) in base 12?
-766
Convert -3300000 (base 4) to base 3.
-210001220
-387 (base 12) to base 14
-2a3
-15603 (base 9) to base 11
-8043
What is -6b (base 12) in base 9?
-102
24663 (base 11) to base 6
431521
What is 13608 (base 16) in base 4?
103120020
-145b (base 13) to base 7
-11412
Convert -301030 (base 5) to base 11.
-7170
What is 11011100000001 (base 2) in base 15?
428b
Convert -14126 (base 8) to base 7.
-24110
Convert -419 (base 13) to base 5.
-10243
What is 758 (base 11) in base 7?
2440
919 (base 13) to base 8
3007
Convert -310130 (base 4) to base 14.
-131a
What is 2541 (base 8) in base 3?
1220000
62524 (base 8) to base 16
6554
101040 (base 5) to base 16
cc6
What is -7a (base 12) in base 13?
-73
-1628 (base 14) to base 12
-2358
What is 3e8e (base 16) in base 10?
16014
What is 3506 (base 16) in base 9?
20552
Convert 51c (base 14) to base 9.
1337
5747 (base 9) to base 16
109f
Convert 26b (base 14) to base 2.
111100111
Convert -23211 (base 9) to base 16.
-3c79
Convert 20222210 (base 3) to base 12.
2b49
-20231212 (base 4) to base 8
-105546
Convert 180c (base 14) to base 7.
15415
What is 216 (base 14) in base 15?
1c7
-1418 (base 13) to base 4
-231032
-12348 (base 9) to base 2
-10000001110010
-88 (base 16) to base 6
-344
Convert -16652 (base 8) to base 7.
-31066
-699 (base 10) to base 6
-3123
Convert a65 (base 12) to base 3.
2002012
What is -43455 (base 6) in base 10?
-6011
What is -4131004 (base 5) in base 14?
-1a909
Convert -a5 (base 11) to base 8.
-163
What is 946a (base 12) in base 9?
24211
-820 (base 10) to base 16
-334
Convert 1133 (base 6) to base 4.
10101
Convert 201100 (base 3) to base 8.
1012
Convert -37004 (base 8) to base 11.
-10a23
What is 46206 (base 7) in base 6?
130250
Convert -a77 (base 12) to base 5.
-22111
What is -330531 (base 6) in base 10?
-27415
-20101011 (base 3) to base 8
-11050
What is -312522 (base 6) in base 2?
-110001010100010
What is a805 (base 11) in base 8?
33713
Convert 275 (base 12) to base 10.
377
766 (base 9) to base 10
627
Convert -22203 (base 11) to base 16.
-7dbd
11102010 (base 3) to base 11
2464
-2034 (base 5) to base 10
-269
What is -21311 (base 4) in base 10?
-629
Convert 100011001110100 (base 2) to base 4.
10121310
What is 1120100 (base 3) in base 13?
69c
Convert -11041 (base 6) to base 12.
-a81
Convert 10112110 (base 4) to base 2.
100010110010100
Convert 331301 (base 5) to base 8.
26273
What is -14053 (base 14) in base 16?
-c139
What is 217 (base 16) in base 9?
654
Convert 13102 (base 4) to base 11.
394
Convert 100 (base 11) to base 14.
89
Convert 1040 (base 5) to base 9.
171
Convert 3ba (base 14) to base 13.
45b
What is 3252 (base 7) in base 10?
1164
Convert 11304 (base 5) to base 3.
1010201
What is -100a (base 16) in base 8?
-10012
53a9 (base 11) to base 12
4169
What is 6118 (base 10) in base 14?
2330
Convert -111301103 (base 4) to base 7.
-520655
What is 10000011000100100 (base 2) in base 15?
14d3d
What is -1021322 (base 4) in base 15?
-1605
Convert 152 (base 10) to base 3.
12122
-127 (base 15) to base 9
-321
Convert 110001010 (base 2) to base 10.
394
What is 45521 (base 8) in base 11?
13539
What is 125505 (base 9) in base 10?
76226
What is -141 (base 14) in base 9?
-311
Convert 7417 (base 9) to base 2.
1010101000011
-1200 (base 12) to base 10
-2016
-101111011000110 (base 2) to base 12
-1205a
Convert 1242 (base 6) to base 10.
314
What is d9a (base 14) in base 11?
2020
-653 (base 8) to base 16
-1ab
What is 5271 (base 8) in base 15?
c30
Convert -30001 (base 5) to base 10.
-1876
Convert -2402 (base 12) to base 7.
-14522
Convert 213330 (base 4) to base 11.
1a14
-2134 (base 5) to base 8
-446
3a5 (base 14) to base 8
1335
What is 111010101001 (base 2) in base 5?
110003
1744 (base 10) to base 9
2347
Convert 144250 (base 6) to base 16.
3666
23b1 (base 13) to base 9
6825
-222010 (base 3) to base 6
-3133
Convert -4576 (base 13) to base 10.
-9730
Convert 1210102 (base 3) to base 9.
1712
What is -35111 (base 6) in base 16?
-1393
6a5 (base 16) to base 10
1701
Convert -1010 (base 5) to base 12.
-aa
Convert 123123 (base 4) to base 11.
1356
-4543 (base 7) to base 11
-1269
What is -380 (base 13) in base 6?
-2455
5144 (base 10) to base 16
1418
What is 1021 (base 6) in base 14?
125
What is -13 (base 8) in base 10?
-11
Convert -5c (base 14) to base 3.
-10001
111 (base 12) to base 9
184
-156 (base 9) to base 5
-1012
What is 120112 (base 4) in base 9?
2121
499 (base 10) to base 8
763
9324 (base 16) to base 8
111444
-25b9 (base 12) to base 11
-3275
What is 11323110 (base 4) in base 10?
24276
342 (base 8) to base 12
16a
41233 (base 5) to base 13
12c2
What is e5b (base 15) in base 5?
100421
Convert -102211212 (base 3) to base 10.
-8636
1111010110 (base 2) to base 13
5a7
What is 124145 (base 6) in base 7?
44636
What is 221011010 (base 3) in base 10?
18336
-101001012 (base 3) to base 13
-3443
Convert 200062 (base 7) to base 13.
12421
What is -2121012 (base 3) in base 7?
-5345
Convert e2d (base 16) to base 4.
320231
-72 (base 12) to base 16
-56
-37c (base 13) to base 10
-610
What is 1486 (base 11) in base 6?
12501
23013 (base 4) to base 10
711
What is -18565 (base 9) in base 7?
-52325
What is -119 (base 14) in base 10?
-219
-20350 (base 6) to base 4
-222222
What is 322 (base 13) in base 7?
1363
Convert -9 (base 13) to base 14.
-9
Convert 101011011010011 (base 2) to base 12.
10a43
d7b1 (base 14) to base 4
21011033
-1a83 (base 12) to base 14
-1295
4e7 (base 15) to base 8
2135
What is 130333 (base 4) in base 16?
73f
What is -110110 (base 4) in base 12?
-904
What is 2216 (base 15) in base 10?
7221
What is -14024 (base 6) in base 4?
-202000
1402204 (base 6) to base 16
131bc
-10010100001 (base 2) to base 5
-14220
798 (base 11) to base 15
439
Convert 10000001000001 (base 2) to base 4.
2001001
-10011001 (base 2) to base 6
-413
What is 106 (base 9) in base 5?
322
-4b6 (base 13) to base 9
-1116
Convert -19805 (base 11) to base 5.
-1340333
What is -3110110 (base 5) in base 3?
-2120111010
-4611 (base 8) to base 10
-2441
Convert -12220110 (base 3) to base 14.
-17d7
Convert -39a4 (base 16) to base 3.
-202020112
Convert -345 (base 11) to base 13.
-259
Convert -10210 (base 3) to base 15.
-6c
Convert 1136 (base 10) to base 6.
5132
Convert -1423 (base 6) to base 3.
-111220
What is 1232 (base 4) in base 7?
215
What is -cd3 (base 16) in base 14?
-12a7
-1110001 (base 2) to base 13
-89
Convert -16463 (base 9) to base 12.
-6670
What is -1074 (base 9) in base 10?
-796
What is -43d (base 16) in base 7?
-3110
What is -106432 (base 7) in base 3?
-222011211
Convert 877 (base 13) to base 8.
2652
Convert -28d (base 14) to base 10.
-517
5605 (base 8) to base 10
2949
Convert -10643 (base 7) to base 11.
-2059
What is 4697 (base 11) in base 9?
8400
11d8 (base 14) to base 15
dda
What is -42 (base 8) in base 10?
-34
Convert 31b9 (base 13) to base 3.
100111000
-867 (base 9) t